69
What is 4c19 (base 15) in base 3?
211020220
What is -324114 (base 5) in base 16?
-2b97
Convert 34d5 (base 14) to base 2.
10001111110011
Convert 179 (base 12) to base 9.
283
Convert -34444 (base 7) to base 15.
-291d
Convert -204 (base 15) to base 2.
-111000110
817 (base 14) to base 13
953
What is -3789 (base 10) in base 9?
-5170
What is -1001020212 (base 3) in base 8?
-50165
Convert -1515 (base 8) to base 3.
-1011022
Convert -1120300 (base 4) to base 10.
-5680
20c3 (base 14) to base 16
161b
What is -12321 (base 6) in base 8?
-3471
3138 (base 9) to base 11
1804
9a1 (base 13) to base 2
11001110100
What is -b0 (base 14) in base 15?
-a4
What is 201010 (base 3) in base 2?
1000000100
Convert 4012 (base 5) to base 15.
23c
Convert -1567 (base 12) to base 7.
-10240
What is -39069 (base 10) in base 15?
-b899
What is -1000101000 (base 2) in base 11?
-462
2111000 (base 3) to base 6
12213
Convert -120 (base 9) to base 4.
-1203
13220011 (base 4) to base 10
31237
Convert 1200120210 (base 3) to base 2.
1000000111001111
What is 2155 (base 8) in base 12?
7a5
Convert -446 (base 9) to base 10.
-366
-c933 (base 15) to base 6
-525033
Convert -1441 (base 9) to base 8.
-2102
-1226 (base 7) to base 11
-38a
What is b7d (base 16) in base 7?
11401
What is 1624 (base 14) in base 15?
1287
-2230230 (base 4) to base 7
-44136
-110111110011 (base 2) to base 7
-13261
Convert -24361 (base 7) to base 9.
-8651
What is 1661 (base 14) in base 11?
3011
438 (base 16) to base 11
8a2
What is 211000 (base 4) in base 7?
6622
What is -1103124 (base 5) in base 6?
-224420
Convert -1ec (base 15) to base 11.
-377
Convert -241424 (base 5) to base 14.
-33c1
-b542 (base 14) to base 5
-1444342
210 (base 15) to base 8
721
What is 59a (base 14) in base 7?
3153
Convert -2101 (base 6) to base 16.
-1d5
What is 109ba (base 12) in base 5?
1202144
3a1 (base 13) to base 14
338
What is 46c (base 14) in base 9?
1177
What is -1100000010 (base 2) in base 11?
-640
Convert 5a55 (base 14) to base 10.
15755
8780 (base 9) to base 6
45543
Convert -63144 (base 8) to base 10.
-26212
Convert -23012 (base 8) to base 16.
-260a
Convert -2220 (base 4) to base 5.
-1133
Convert 100001101000000 (base 2) to base 7.
101123
-420 (base 14) to base 5
-11222
2c27 (base 14) to base 9
11720
Convert 1512 (base 6) to base 16.
194
12213 (base 4) to base 13
267
14a4 (base 16) to base 5
132114
What is -894 (base 15) in base 2?
-11110010011
12101221 (base 3) to base 5
111230
What is -52035 (base 6) in base 7?
-26135
Convert c69 (base 15) to base 4.
223233
Convert 2112000001 (base 3) to base 2.
1100000110100101
Convert 40a (base 16) to base 11.
860
-2561 (base 7) to base 15
-44e
Convert -1120022 (base 3) to base 6.
-5142
-21022 (base 4) to base 16
-24a
Convert 632 (base 11) to base 4.
23321
Convert -1341 (base 13) to base 5.
-42012
Convert -2999 (base 16) to base 9.
-15542
Convert 13303 (base 4) to base 10.
499
Convert a77 (base 14) to base 11.
1608
Convert -1001100011000 (base 2) to base 7.
-20152
-a92 (base 11) to base 8
-2437
10c3 (base 13) to base 8
4464
What is -515c (base 15) in base 13?
-7a91
-235 (base 13) to base 7
-1054
30322203 (base 4) to base 5
3143044
10110000 (base 3) to base 12
1553
Convert 83381 (base 9) to base 4.
31123033
What is -2025 (base 6) in base 11?
-379
-2011031 (base 4) to base 11
-6450
What is 11110011110011 (base 2) in base 7?
63330
1541 (base 6) to base 11
353
Convert 110001000001 (base 2) to base 14.
1201
What is -3b50 (base 14) in base 12?
-6076
Convert -61841 (base 9) to base 13.
-1573c
1322 (base 10) to base 6
10042
-11223233 (base 4) to base 3
-1011221012
659 (base 11) to base 7
2206
Convert -2b7 (base 15) to base 2.
-1001101110
110333 (base 6) to base 12
53a9
-111001011111 (base 2) to base 16
-e5f
Convert -24310 (base 6) to base 11.
-2756
1001000110001 (base 2) to base 15
15a7
2232012 (base 4) to base 16
2b86
Convert 35525 (base 8) to base 16.
3b55
454023 (base 6) to base 10
38463
Convert -24603 (base 10) to base 3.
-1020202020
What is -175 (base 15) in base 11?
-285
Convert 21221 (base 4) to base 6.
2505
Convert -11341 (base 13) to base 15.
-942d
200331 (base 4) to base 14
aa9
What is -2420 (base 10) in base 3?
-10022122
2115b (base 14) to base 12
3a265
146 (base 15) to base 6
1203
What is 12201222 (base 3) in base 9?
5658
-113204 (base 6) to base 8
-23104
-1c0 (base 13) to base 6
-1301
-21603 (base 8) to base 12
-5317
-12071 (base 9) to base 5
-224313
3f6 (base 16) to base 11
842
What is 96d9 (base 14) in base 4?
12113033
3246 (base 10) to base 9
4406
Convert -6664 (base 9) to base 5.
-124133
What is -203433 (base 6) in base 8?
-37755
What is 706 (base 16) in base 8?
3406
What is -b3 (base 13) in base 12?
-102
11212132 (base 4) to base 16
599e
What is -848c (base 13) in base 12?
-a768
110100 (base 2) to base 6
124
Convert -454 (base 11) to base 4.
-20133
11593 (base 13) to base 3
1121111221
What is 222102 (base 3) in base 9?
872
What is 320401 (base 6) in base 3?
1022202101
102220 (base 3) to base 8
501
Convert 1000202 (base 3) to base 14.
3b7
5945 (base 10) to base 6
43305
-150 (base 16) to base 9
-413
What is 228 (base 11) in base 13?
17c
Convert -592 (base 10) to base 15.
-297
Convert 166a (base 11) to base 10.
2133
Convert 10010100011010 (base 2) to base 13.
4428
What is 3345 (base 7) in base 14?
625
Convert 38505 (base 9) to base 15.
7a35
Convert 1b171 (base 12) to base 8.
116045
10011010100 (base 2) to base 3
1200210
Convert 4222 (base 10) to base 2.
1000001111110
What is 3623 (base 11) in base 12?
28b4
-1a8 (base 14) to base 12
-248
Convert cb48 (base 13) to base 3.
1102210112
What is 101300 (base 5) in base 10?
3325
8d9 (base 16) to base 4
203121
-303043 (base 5) to base 10
-9773
Convert -107 (base 8) to base 16.
-47
Convert 11310 (base 4) to base 11.
309
-e46f (base 16) to base 5
-3332404
Convert -8802 (base 10) to base 4.
-2021202
Convert 11000110 (base 2) to base 10.
198
What is -1636 (base 13) in base 8?
-6270
Convert -2162 (base 11) to base 12.
-1797
-3ef3 (base 16) to base 11
-11120
What is 40a (base 11) in base 5?
3434
Convert -84262 (base 9) to base 8.
-154506
Convert 103350 (base 6) to base 14.
3198
Convert -22021 (base 5) to base 7.
-4256
What is e7 (base 15) in base 11?
188
-10424 (base 5) to base 8
-1343
Convert -803 (base 13) to base 14.
-6cb
What is -cc (base 15) in base 3?
-21010
-1592 (base 14) to base 5
-110402
Convert -11000111110001 (base 2) to base 5.
-402120
What is -1001011000010 (base 2) in base 8?
-11302
What is -3041 (base 6) in base 10?
-673
Convert -5758 (base 11) to base 15.
-2395
Convert 8645 (base 12) to base 3.
202012222
Convert 1202110212 (base 3) to base 12.
18042
What is 5030 (base 6) in base 8?
2112
What is -5464 (base 9) in base 4?
-332323
Convert -11010011101 (base 2) to base 15.
-77d
What is -210321 (base 4) in base 16?
-939
What is 1946 (base 13) in base 10?
3776
-5183 (base 10) to base 11
-3992
-76 (base 10) to base 14
-56
-548 (base 15) to base 13
-70a
-200562 (base 7) to base 9
-51450
1a8bc (base 14) to base 5
4130330
What is -1024302 (base 6) in base 10?
-50222
Convert 200020 (base 3) to base 5.
3432
What is b2a2 (base 12) in base 7?
110420
32115 (base 8) to base 2
11010001001101
Convert -21e (base 15) to base 5.
-3404
Convert -27 (base 10) to base 2.
-11011
-563 (base 7) to base 4
-10202
121616 (base 7) to base 15
68de
Convert 6122 (base 12) to base 7.
42503
1820 (base 13) to base 5
103300
What is -1140 (base 5) in base 10?
-170
2a26 (base 11) to base 3
12100110
20551 (base 6) to base 16
af3
Convert 10138 (base 9) to base 14.
260d
What is 11409 (base 10) in base 9?
16576
Convert 477a (base 12) to base 14.
2cc6
Convert 226 (base 16) to base 10.
550
Convert -13 (base 16) to base 8.
-23
-b17 (base 15) to base 11
-1970
What is 519 (base 10) in base 13?
30c
Convert -1011111 (base 2) to base 6.
-235
-291 (base 14) to base 15
-249
253a (base 15) to base 13
37c0
2614 (base 7) to base 9
1321
Convert 1036 (base 12) to base 7.
5106
What is 16e9 (base 15) in base 13?
2334
Convert -2041 (base 8) to base 3.
-1110011
10795 (base 14) to base 13
15229
Convert -3de (base 15) to base 13.
-530
18d (base 16) to base 15
1b7
-1162 (base 12) to base 8
-3632
Convert -2311 (base 4) to base 12.
-131
-7581 (base 11) to base 3
-111201210
Convert 1110 (base 15) to base 13.
